0 (base 2) in base 14?
-76
What is -85 (base 16) in base 15?
-8d
What is 163 (base 11) in base 5?
1230
-20 (base 12) to base 3
-220
Convert -11 (base 4) to base 7.
-5
Convert 64 (base 8) to base 15.
37
What is 113 (base 5) in base 13?
27
9 (base 12) to base 4
21
What is 10 (base 5) in base 11?
5
What is 104 (base 9) in base 8?
125
What is b (base 13) in base 15?
b
20 (base 6) to base 13
c
Convert 67 (base 9) to base 8.
75
What is 3 (base 9) in base 4?
3
Convert 6 (base 14) to base 7.
6
What is 1201 (base 4) in base 15?
67
1 (base 16) to base 12
1
-4a (base 15) to base 8
-106
What is -1 (base 14) in base 12?
-1
What is c (base 16) in base 5?
22
21 (base 7) to base 13
12
Convert -5 (base 11) to base 15.
-5
What is 0 (base 15) in base 3?
0
What is 7 (base 11) in base 13?
7
Convert 11 (base 12) to base 3.
111
Convert 10 (base 8) to base 4.
20
What is 25 (base 7) in base 5?
34
What is -b (base 16) in base 7?
-14
What is 1103 (base 4) in base 12?
6b
Convert -1 (base 16) to base 13.
-1
Convert 4a (base 15) to base 9.
77
Convert -57 (base 9) to base 16.
-34
Convert -3 (base 7) to base 12.
-3
-41 (base 12) to base 5
-144
What is -1 (base 5) in base 3?
-1
Convert 1 (base 12) to base 3.
1
Convert 1b (base 13) to base 11.
22
What is 1 (base 4) in base 2?
1
0 (base 16) to base 11
0
-1001 (base 2) to base 5
-14
Convert -35 (base 7) to base 15.
-1b
Convert -7 (base 10) to base 14.
-7
-144 (base 6) to base 5
-224
-160 (base 7) to base 15
-61
What is 10 (base 16) in base 3?
121
What is -10 (base 2) in base 5?
-2
Convert -ab (base 14) to base 2.
-10010111
What is 0 (base 2) in base 3?
0
What is -11 (base 3) in base 13?
-4
What is -e (base 16) in base 4?
-32
-19 (base 14) to base 7
-32
Convert 100110 (base 2) to base 12.
32
-d (base 14) to base 4
-31
-22 (base 8) to base 2
-10010
What is -143 (base 10) in base 6?
-355
Convert -4 (base 10) to base 9.
-4
What is 2 (base 5) in base 9?
2
10 (base 5) to base 9
5
Convert -10 (base 3) to base 9.
-3
174 (base 11) to base 5
1302
What is -2 (base 11) in base 14?
-2
What is -405 (base 10) in base 15?
-1c0
Convert 2a (base 15) to base 16.
28
Convert -1 (base 10) to base 12.
-1
16 (base 9) to base 5
30
What is 221 (base 4) in base 5?
131
Convert -2 (base 16) to base 12.
-2
-7 (base 11) to base 7
-10
11 (base 3) to base 8
4
-51 (base 8) to base 2
-101001
What is 18 (base 14) in base 2?
10110
Convert 8 (base 11) to base 6.
12
-34 (base 5) to base 3
-201
Convert -53 (base 7) to base 11.
-35
11 (base 13) to base 8
16
1 (base 10) to base 13
1
122 (base 3) to base 9
18
What is 114 (base 7) in base 14?
44
What is -433 (base 6) in base 14?
-bb
Convert -2f (base 16) to base 14.
-35
-3 (base 6) to base 15
-3
-537 (base 8) to base 16
-15f
What is -3 (base 14) in base 10?
-3
What is -11 (base 2) in base 5?
-3
Convert 7 (base 11) to base 14.
7
Convert -2 (base 9) to base 3.
-2
2 (base 10) to base 9
2
Convert 27 (base 14) to base 7.
50
204 (base 8) to base 5
1012
3 (base 6) to base 16
3
Convert -223 (base 5) to base 9.
-70
11 (base 11) to base 12
10
What is 1 (base 6) in base 14?
1
What is 4 (base 7) in base 9?
4
Convert 37 (base 9) to base 13.
28
Convert -100000 (base 2) to base 6.
-52
Convert 51 (base 8) to base 2.
101001
7 (base 11) to base 14
7
Convert -3 (base 4) to base 9.
-3
What is 0 (base 6) in base 2?
0
Convert -3 (base 15) to base 12.
-3
1 (base 4) to base 5
1
Convert -132 (base 5) to base 4.
-222
45 (base 7) to base 2
100001
What is -10 (base 5) in base 13?
-5
2 (base 16) to base 9
2
What is -4 (base 6) in base 12?
-4
What is -2 (base 8) in base 11?
-2
Convert 203 (base 5) to base 15.
38
Convert -6 (base 8) to base 9.
-6
-32 (base 9) to base 5
-104
-2 (base 7) to base 14
-2
What is 11113 (base 4) in base 6?
1331
3 (base 16) to base 15
3
What is -3 (base 8) in base 14?
-3
Convert 22 (base 3) to base 12.
8
Convert -20 (base 11) to base 12.
-1a
Convert 1 (base 14) to base 2.
1
-30 (base 4) to base 14
-c
11 (base 6) to base 10
7
Convert -52 (base 16) to base 12.
-6a
-1040 (base 7) to base 14
-1c7
-2 (base 9) to base 11
-2
Convert 2 (base 9) to base 6.
2
2 (base 15) to base 14
2
52 (base 13) to base 14
4b
What is 7 (base 12) in base 15?
7
Convert -2a (base 13) to base 12.
-30
Convert 5 (base 7) to base 12.
5
Convert -20 (base 8) to base 7.
-22
What is -1102 (base 3) in base 7?
-53
Convert 14 (base 8) to base 12.
10
Convert 70 (base 16) to base 8.
160
What is 4 (base 8) in base 14?
4
What is 213 (base 12) in base 6?
1223
What is 1b (base 16) in base 4?
123
What is 0 (base 15) in base 16?
0
1010 (base 5) to base 14
94
-123 (base 4) to base 8
-33
What is 0 (base 7) in base 5?
0
What is 4 (base 8) in base 14?
4
What is 26 (base 11) in base 15?
1d
Convert -2110 (base 3) to base 14.
-4a
Convert -33 (base 6) to base 7.
-30
2 (base 9) to base 11
2
What is 37 (base 16) in base 14?
3d
What is 3 (base 5) in base 2?
11
-b (base 14) to base 12
-b
-100 (base 2) to base 10
-4
What is 157 (base 14) in base 2?
100010001
What is 31 (base 4) in base 7?
16
554 (base 7) to base 6
1152
0 (base 12) to base 8
0
1011 (base 3) to base 7
43
Convert 3 (base 16) to base 8.
3
What is -3 (base 7) in base 6?
-3
Convert 53 (base 11) to base 9.
64
-20 (base 4) to base 12
-8
What is 4 (base 10) in base 9?
4
Convert -13 (base 4) to base 16.
-7
Convert 0 (base 9) to base 13.
0
35 (base 6) to base 8
27
-1 (base 9) to base 3
-1
-6 (base 8) to base 3
-20
2 (base 3) to base 11
2
Convert -6 (base 8) to base 15.
-6
-a1 (base 11) to base 9
-133
-42 (base 6) to base 14
-1c
What is -16 (base 9) in base 4?
-33
Convert 2 (base 6) to base 15.
2
Convert 25 (base 10) to base 9.
27
-2 (base 6) to base 9
-2
Convert 2 (base 8) to base 4.
2
Convert -23 (base 11) to base 4.
-121
What is -d (base 15) in base 2?
-1101
-7 (base 9) to base 3
-21
What is 135 (base 6) in base 10?
59
Convert -11000 (base 2) to base 9.
-26
-7 (base 10) to base 15
-7
56 (base 11) to base 9
67
99 (base 12) to base 16
75
Convert 21 (base 3) to base 8.
7
Convert -19 (base 10) to base 5.
-34
What is 5c (base 13) in base 16?
4d
-4 (base 6) to base 11
-4
What is -1 (base 4) in base 8?
-1
Convert -61 (base 7) to base 2.
-101011
What is -b (base 14) in base 7?
-14
What is -12 (base 5) in base 16?
-7
10 (base 5) to base 11
5
What is 6 (base 15) in base 2?
110
What is 235 (base 7) in base 2?
1111100
What is -89 (base 10) in base 13?
-6b
Convert -142 (base 6) to base 4.
-332
0 (base 15) to base 5
0
-3 (base 13) to base 15
-3
What is 50 (base 9) in base 15?
30
What is -2 (base 13) in base 15?
-2
What is -1011 (base 2) in base 7?
-14
Convert -11 (base 2) to base 8.
-3
Convert 102 (base 4) to base 12.
16
What is 0 (base 16) in base 12?
0
-2 (base 4) to base 13
-2
1 (base 10) to base 12
1
What is -51 (base 16) in base 11?
-74
What is -5 (base 7) in base 5?
-10
Convert 216 (base 7) to base 3.
11010
6 (base 9) to base 14
6
Convert 114 (base 15) to base 6.
1044
-2 (base 11) to base 2
-10
Convert 32 (base 4) to base 10.
14
-239 (base 12) to base 15
-173
Convert 13 (base 8) to base 15.
b
1 (base 16) to base 6
1
Convert -17 (base 16) to base 9.
-25
Convert -100000 (base 2) to base 4.
-200
Convert -2 (base 10) to base 7.
-2
-245 (base 6) to base 7
-203
1 (base 12) to base 10
1
What is -51 (base 8) in base 15?
-2b
Convert 1 (base 14) to base 3.
1
Convert 7 (base 16) to base 9.
7
What is -b4 (base 16) in base 15?
-c0
Convert -12 (base 3) to base 8.
-5
Convert -1021 (base 3) to base 2.
-100010
What is -1 (base 10) in base 8?
-1
1 (base 9) to base 5
1
Convert 100 (base 4) to base 6.
24
Convert 53 (base 6) to base 8.
41
Convert 3 (base 4) to base 12.
3
Convert 1b (base 12) to base 3.
212
-11 (base 14) to base 6
-23
What is a (base 15) in base 16?
a
Convert 5 (base 8) to base 3.
12
What is -98 (base 11) in base 6?
-255
Convert -1 (base 5) to base 7.
-1
What is -11 (base 2) in base 3?
-10
What is -38 (base 10) in base 3?
-1102
What is 313 (base 4) in base 3?
2001
4 (base 15) to base 5
4
-1 (base 10) to base 15
-1
Convert -3 (base 7) to base 5.
-3
What is 113 (base 4) in base 13?
1a
Convert -4 (base 5) to base 4.
-10
-42 (base 15) to base 10
-62
54 (base 11) to base 14
43
-1 (base 4) to base 7
-1
What is 14 (base 16) in base 2?
10100
Convert -2 (base 8) to base 13.
-2
40 (base 7) to base 16
1c
1 (base 12) to base 6
1
What is -10010000 (